+ 4*z - 6*z - 18 = 0, -3*c - 5*z + 46 = 0. Calculate the greatest common factor of c and y.
1
Let v(g) = -29*g - 11. Let c be v(-1). Calculate the highest common factor of 72 and c.
18
Suppose 3*i - 57 = 3*x, 4*i + 3*x - 70 - 6 = 0. Let y = 13 - i. Let t(z) = z**2 + 2*z + 9. Let a be t(y). Calculate the highest common factor of a and 22.
11
Suppose 2*q = -q + 4*y + 23, 3*y = 5*q - 20. Suppose q + 103 = 4*z. Calculate the highest common divisor of 26 and z.
26
Let o = -13 + 18. Let f be 5/o + (-1 - -2). Let p = 4 + f. Calculate the greatest common factor of 42 and p.
6
Let f(a) = -5*a - 3. Let u be f(-4). Suppose -20*c + u*c = -12. What is the greatest common divisor of 6 and c?
2
Let w(k) = 28*k - 28. Let r be w(4). Let f = r + -69. Calculate the highest common divisor of f and 150.
15
Suppose f - 2 = -2*f + 2*p, -2*f + 4*p = 4. Suppose -2*o = -3*m - 34, o - 3*m = f*o - 17. Let r = -14 + o. Calculate the greatest common factor of r and 1.
1
Suppose -2*q - 2*c + 130 = 2*c, 1 = c. Let k = -61 + q. Calculate the greatest common divisor of 3 and k.
1
Let m(r) = 2*r**3 - 8*r**2 + 7*r. Suppose 0 = 2*x + 5*y - 5, 4*x - 11 = -4*y + 5. Let d be m(x). What is the greatest common factor of 17 and d?
17
Let m be ((-54)/24*1)/(9/(-48)). Suppose 0*d = -2*d + 16. What is the greatest common factor of m and d?
4
Let d be (42/10)/((-6)/30). Let j = d - -21. Suppose -s + 0*l = 4*l + 13, j = -4*s - l + 8. What is the highest common factor of 15 and s?
3
Let n be 0 + -4 + (7 - -28). Calculate the highest common factor of n and 1.
1
Let i(n) = -n + 11. Suppose -3*v + m - 1 = 10, v + 5*m = -25. Let g be i(v). What is the highest common factor of g and 64?
16
Let j(q) = -q**2 - 15*q + 4. Suppose -9*f - 39 = 24. Let b be j(f). Let v be (14 - -1)*(2 - 1). Calculate the highest common factor of v and b.
15
Suppose -5*u = 3*k - 483, -2*u - 2*k = -0*k - 190. Suppose 5*v - 71 = -3*t, -v = 2*t + v - 46. What is the greatest common divisor of u and t?
11
Let y be ((-47)/(-5))/(66/20130). What is the greatest common factor of y and 94?
47
Let s = 72 + -19. Let x = -33 + s. Calculate the highest common factor of x and 16.
4
Suppose -34 = -3*v + 4*j + 124, 4*v - 4*j = 212. What is the greatest common divisor of 648 and v?
54
Let x(r) = -9*r**3 + r**2 - 5*r - 10. Let f be x(-2). What is the highest common factor of 4 and f?
4
Suppose 2*i - 1 - 59 = 0. Suppose -33 - i = -3*y. Calculate the greatest common factor of 105 and y.
21
Let k(p) = p**2 - 42*p + 203. Let j be k(5). Calculate the highest common divisor of j and 90.
18
Let s(d) = 3*d. Let v be s(5). Let l = 11 - 8. Suppose v = -l*a, 4*h + a = -a + 46. Calculate the highest common divisor of h and 98.
14
Suppose -3*i = -0*i - u - 8, -2*u - 10 = -3*i. Suppose -r + 36 = i*r. Suppose 3 = 4*x - 3*x. Calculate the greatest common factor of r and x.
3
Suppose 0 = 10*o + 25*o - 12600. What is the highest common factor of 20 and o?
20
Suppose c - 51 - 17 = 3*p, 0 = p - 4*c + 8. Let z = p + 24. Suppose -6*w + 2*w + 28 = z. What is the greatest common divisor of 1 and w?
1
Suppose 17 = 4*a - 7. Let r be (-1074)/(-9) - 2/a. Let l = -1151 - -1168. What is the highest common factor of l and r?
17
Let p(m) = -m**3 + 4*m**2 - 5*m + 10. Let b be p(4). Let f be ((-4)/3)/(b/255). What is the greatest common divisor of f and 17?
17
Let z be (-1 - 3)*((2 - -1) + -23). Suppose 500 = 5*h + z. Calculate the highest common factor of 56 and h.
28
Suppose 3*g + 2*g = 25. Let f(s) = -s. Let x be f(-15). What is the highest common divisor of g and x?
5
Suppose 45*h = -2033 + 2708. Suppose s - 101 = -g - s, 0 = 2*g + 2*s - 206. What is the highest common factor of g and h?
15
Suppose -75*z + 78*z - 1539 = 0. Calculate the highest common factor of z and 57.
57
Suppose -2*p - 3*p = -10. Suppose -j - 2 = 0, p*x - 3*j + 93 = 3*x. Calculate the highest common divisor of 9 and x.
9
Let w be 10 - (2 + (-8)/2). Suppose -3*v - 2*g - w = -100, g + 4 = 0. Let k = 68 + -60. What is the highest common factor of v and k?
8
Suppose y - 32 = -3*y. Let d(b) = 8*b + 1. Let l be d(-2). Let g = 23 + l. What is the highest common factor of y and g?
8
Suppose 0 = -14*g + 100 - 2. What is the highest common divisor of g and 4?
1
Let y(i) = -i**3 + 8*i**2 - 5*i - 7. Let d be y(7). Let m(w) = -1 - 1 + d + w. Let s be m(9). Calculate the highest common factor of 7 and s.
7
Suppose -2*l + 4*n = -34 + 10, 3*l - 9 = -3*n. Let g be -2 + (57/l)/((-5)/(-10)). Calculate the highest common divisor of g and 187.
17
Let s(p) = 4*p**2 + 55*p - 17. Let z be s(-17). Calculate the greatest common divisor of 6 and z.
6
Let g be -1 - (6/18*-21 + -35). What is the greatest common divisor of 41 and g?
41
Let j = -819 + 861. What is the greatest common factor of 112 and j?
14
Let n(i) = 0*i - 7*i**2 + 0*i + 8*i**2 - 1. Let h be n(-2). Suppose -2*b - 4 = -h*b. What is the greatest common factor of 36 and b?
4
Let s be 0 - -1 - (-122)/(-2). Suppose 15077 = -14*h + 4521. Let k be h/(-30) + 8/s. What is the greatest common factor of k and 10?
5
Let u be (-1 + -39)/(18/36*-1). Calculate the highest common divisor of 130 and u.
10
Suppose 46*a - 1336 - 136 = 0. Calculate the greatest common factor of a and 184.
8
Let u(i) = -2*i - 13. Let y be u(-9). Let q = -254 + 299. What is the highest common divisor of y and q?
5
Let w(z) = -z**3 - 2*z**2 + 12*z + 26. Let u be w(-4). Let a = 14 - 4. What is the highest common factor of u and a?
10
Let n(u) = 92*u - 32. Let h be n(1). What is the highest common factor of 1500 and h?
60
Suppose -v = 315*o - 320*o - 33, -15 = v + 3*o. Let t(s) = -s**2 + 6*s + 4. Let d be t(5). What is the greatest common divisor of v and d?
3
Let j(d) = -6*d + 3. Let a be j(-5). Suppose 13*g + 117 = 16*g. Suppose g = 4*q + 5*u, 3*q - a = -0*q - 5*u. What is the greatest common divisor of 30 and q?
6
Let m = 17 - -1. Let h = -13449 + 13455. Calculate the greatest common divisor of h and m.
6
Let q(o) = 18*o**2 - 6*o - 21. Let a be q(-2). Calculate the greatest common factor of 98 and a.
7
Let o = 43 - 36. Let b be 0 - -1 - 88*-1. Suppose 0 = s + 3*j - b, -4*j + 393 = 5*s - 2*j. Calculate the highest common divisor of o and s.
7
Let s = 180 + -159. Calculate the greatest common divisor of 287 and s.
7
Let m = 5 + -3. Let l = 17 + m. Suppose k + 3 - l = 0. What is the highest common factor of 4 and k?
4
Let w(f) = -f**3 - 3*f**2 + 1. Let a be w(-3). Let v be (7 - 5)/(a + 1). Let m be (2 - -18) + 3 + v. What is the greatest common factor of m and 8?
8
Let z = -31 - -35. Let q = 26 - z. Let r(d) = -3*d - 1. Let p be r(-4). What is the highest common factor of p and q?
11
Let l be (-5)/(-2)*(-504)/(-90). Calculate the greatest common divisor of l and 322.
14
Suppose 483 - 55 = 4*z. Suppose 4*b - 5*g - z + 25 = 0, -3*g - 96 = -5*b. Calculate the greatest common divisor of b and 12.
6
Let q(r) = r**2 + 10*r + 15. Let t be q(-10). What is the highest common divisor of t and 435?
15
Let x be (-4940)/(-1690) + 1/13. Calculate the highest common divisor of 64 and x.
1
Let f be (-17 - -25)/((-2)/(-4)). Calculate the greatest common factor of f and 16.
16
Suppose -27 = -m + w, 3*m = -3*w - 2 + 53. Suppose 4*b = 3*n + 305, -12*n + 159 = 2*b - 7*n. What is the highest common factor of b and m?
11
Let t(h) = -14*h + 95. Let f be t(-20). Calculate the highest common factor of f and 150.
75
Suppose 0 = 12*d - 857 + 605. What is the highest common divisor of 175 and d?
7
Suppose 0*w - 5*w = -410. Suppose 314 = 4*f + w. Suppose 0 = -4*p - 6 + f. Calculate the highest common divisor of p and 143.
13
Suppose 3*d + 31 = 76. Let o(q) = -4*q**2 + 3*q + 8. Let c be o(-3). Let x = -27 - c. What is the highest common divisor of d and x?
5
Let v be -2 - -1*1 - -2. Suppose -38*c + 37*c + 2 = 0. Suppose 46 = 4*y + c. Calculate the highest common factor of v and y.
1
Let w = 16 + -12. Let f be 892/16 + 1/w. Calculate the highest common divisor of 7 and f.
7
Let y(x) = 41*x - 2. Let a be y(1). Suppose 0 = -5*q + 76 + a. Calculate the highest common divisor of q and 23.
23
Let v(b) = 2*b**3 + b**2 - 13*b + 6. Let k be v(4). What is the greatest common factor of k and 126?
14
Suppose -5*k - 32 = -4*g, -4*g = 2*k + 3*k + 8. Let f = 6 - g. What is the greatest common divisor of 3 and f?
3
Let b(z) = -9*z - 156. Let 